base 10, what is 11 - 48610397?
-48610386
In base 12, what is -103 + -13806?
-13909
In base 8, what is -7 - 225636376?
-225636405
In base 10, what is -8662 - -783?
-7879
In base 11, what is 107 + 6471a?
64826
In base 10, what is -7350653 + 5?
-7350648
In base 10, what is -30622582 - 4?
-30622586
In base 16, what is 5 + -64757?
-64752
In base 14, what is 4378ca13 + 2?
4378ca15
In base 7, what is -40644 + 104414?
33440
In base 10, what is -78896 - -44?
-78852
In base 15, what is -12c67a + 2a?
-12c650
In base 5, what is -3301023311301 + 4?
-3301023311242
In base 4, what is 3123022313 + 1112?
3123030031
In base 7, what is -1 - 136134554?
-136134555
In base 14, what is 256820 - -2?
256822
In base 3, what is 21020220 - 101100021?
-10002101
In base 8, what is 211 + -153606?
-153375
In base 6, what is -2353415 + -5312?
-2403131
In base 14, what is 9d + 3cc01?
3cca0
In base 12, what is -2a65b9 + 10b?
-2a64aa
In base 8, what is -7512 + 6203?
-1307
In base 6, what is 14345113154 - 0?
14345113154
In base 2, what is -100 - 1100000110110011000001100?
-1100000110110011000010000
In base 11, what is 3a1 + -57176?
-56885
In base 11, what is 2389 + 4053?
6431
In base 4, what is 3 - -112112103303133?
112112103303202
In base 7, what is 140 + -4150151?
-4150011
In base 7, what is -1066 - 33262?
-34361
In base 13, what is 4 + 317a643?
317a647
In base 4, what is 3002001220 + -323?
3002000231
In base 8, what is 13207 + 20045?
33254
In base 16, what is b - -116b45?
116b50
In base 8, what is -2 - 26763126?
-26763130
In base 14, what is 975ac1 + -2?
975abd
In base 4, what is -1132232320120 - -11?
-1132232320103
In base 4, what is -2 + -3121123220320?
-3121123220322
In base 12, what is 401533b - 0?
401533b
In base 12, what is 0 - -3748651?
3748651
In base 9, what is 45850346 + 3?
45850350
In base 11, what is -13a320 - -1a6?
-13a125
In base 9, what is 51323 + 45?
51368
In base 5, what is 1000 - -24113213?
24114213
In base 8, what is 1 + -1526335712?
-1526335711
In base 7, what is -4626346 + 5?
-4626341
In base 10, what is 188285 - 2806?
185479
In base 15, what is -e4e0b9 - 29?
-e4e0e3
In base 8, what is 33615242 + -10?
33615232
In base 12, what is -179632 - 2?
-179634
In base 6, what is -30 + 1334512?
1334442
In base 16, what is 69 + 23585?
235ee
In base 7, what is -216050160 + 0?
-216050160
In base 11, what is 6597462 + 2?
6597464
In base 12, what is -26 + 8634b4?
86348a
In base 15, what is -20 + -17ce93?
-17ceb3
In base 12, what is -37b + 12624?
12265
In base 7, what is -5205444 - -5?
-5205436
In base 8, what is 11 + -14023057?
-14023046
In base 6, what is -52 + 5530201?
5530105
In base 9, what is -11383 + -2737?
-14231
In base 12, what is -14 + 3a42b02?
3a42aaa
In base 8, what is -22472 + 3657?
-16613
In base 10, what is -1923894 + 5?
-1923889
In base 11, what is -851a30 + -5?
-851a35
In base 4, what is -2021310 + -11303?
-2033213
In base 13, what is -15ca082 + 3?
-15ca07c
In base 11, what is 16a108 + -746?
169472
In base 8, what is -424535 - -135?
-424400
In base 11, what is 273 - -978953?
979116
In base 6, what is 20 - 440115?
-440055
In base 14, what is -aa176 + -8?
-aa180
In base 15, what is 33db494 + -6?
33db48d
In base 9, what is 6 - 373424?
-373417
In base 2, what is -1011000110 - -1001110101010100010?
1001110011111011100
In base 4, what is -130 - -313000310001?
313000303211
In base 8, what is 73 + 227347?
227442
In base 13, what is 2394b1a6 - -3?
2394b1a9
In base 7, what is 36331512 - 31?
36331451
In base 6, what is -1 - 4542454?
-4542455
In base 11, what is -1a + -927496?
-927505
In base 14, what is 20 - -1110?
1130
In base 13, what is 2951008 - -1?
2951009
In base 15, what is -3 - 2dc5447?
-2dc544a
In base 5, what is -33 + -402213244?
-402213332
In base 11, what is -1a113322 - 5?
-1a113327
In base 4, what is -132132321 - -12100?
-132120221
In base 4, what is -10021 + -2232332131?
-2233002212
In base 4, what is -13 + -1132313301?
-1132313320
In base 15, what is -26 + 153acd?
153aa7
In base 6, what is 203154 + -300050?
-52452
In base 10, what is -163 - -199836?
199673
In base 7, what is -264121153 - 3?
-264121156
In base 7, what is -242565 + 21251?
-221314
In base 10, what is -80 - 419361?
-419441
In base 9, what is 4 + 13212467?
13212472
In base 15, what is 397818 - ee?
397719
In base 16, what is 1 + -9f1223?
-9f1222
In base 5, what is 1011032 + 1140?
1012222
In base 7, what is 402610636 + 3?
402610642
In base 6, what is -124101200545 + 0?
-124101200545
In base 13, what is 2aa6 + -1a12b?
-17355
In base 16, what is 1d60228 + -3?
1d60225
In base 7, what is -32405 - 2211?
-34616
In base 5, what is -4 - 1104000333?
-1104000342
In base 3, what is -2020022211221000 + -1?
-2020022211221001
In base 15, what is 2a3c6b - 72?
2a3be9
In base 4, what is 101033100021 + 2?
101033100023
In base 2, what is -100111110001111100110 + -100011110?
-100111110010100000100
In base 11, what is 1a21 - -7388?
92a9
In base 8, what is 0 + 73064742?
73064742
In base 14, what is -dc7 - 1046?
-202d
In base 16, what is 13a44b - 258?
13a1f3
In base 3, what is -1 - 12121012021202221?
-12121012021202222
In base 6, what is -5 + 2004115?
2004110
In base 11, what is -198 + -1421a0?
-142388
In base 15, what is -3 - -27573b8?
27573b5
In base 15, what is 7c86d - 2b?
7c842
In base 14, what is 1b64511 + -4?
1b6450b
In base 6, what is -5 - -132210441?
132210432
In base 10, what is 970 + -890?
80
In base 2, what is -11100 + -11001001000101110?
-11001001001001010
In base 10, what is 5 - 232177821?
-232177816
In base 15, what is -2 - 67be6?
-67be8
In base 13, what is -431c - -5321?
1002
In base 8, what is -1 - -12456644?
12456643
In base 11, what is 1 + -80176?
-80175
In base 11, what is 328081 + 22?
3280a3
In base 10, what is -323 + 175748?
175425
In base 15, what is 821e88 + 36?
821ebe
In base 16, what is -53 - de161?
-de1b4
In base 13, what is 5 + -54ac23?
-54ac1b
In base 10, what is 177 + 5495073?
5495250
In base 10, what is 11409231 + 2?
11409233
In base 14, what is 150147a + -17?
1501463
In base 7, what is 453244666 + -3?
453244663
In base 8, what is 164 - -365115?
365301
In base 9, what is -407072 + -23?
-407105
In base 10, what is 18 - 97728?
-97710
In base 4, what is -13222201 + -2113130?
-22001331
In base 10, what is -45819319 - -1?
-45819318
In base 9, what is 7 - -16068046?
16068054
In base 12, what is -4 - -139b10?
139b08
In base 15, what is -1578e136 - -1?
-1578e135
In base 13, what is -610b869 - -1?
-610b868
In base 2, what is -1000000101100010110011101 + -101?
-1000000101100010110100010
In base 16, what is 7 + 2010d1?
2010d8
In base 7, what is 5 - -140332?
140340
In base 16, what is 623d - 531?
5d0c
In base 13, what is 1822c8c + -1?
1822c8b
In base 13, what is 26 + -1029c?
-10276
In base 12, what is -6 - 2ab19?
-2ab23
In base 11, what is 12a7 + -28a6?
-15aa
In base 15, what is -827 - 4a18?
-5340
In base 12, what is 11 - -9811333?
9811344
In base 6, what is -104233330 - -25?
-104233301
In base 5, what is 3442003123 - 1?
3442003122
In base 8, what is 3725 - -3611?
7536
In base 7, what is 265163 + -32036?
233124
In base 13, what is 119301 + -2c?
1192a2
In base 7, what is 26605554 + -33?
26605521
In base 16, what is -e84 + 4b0a5?
4a221
In base 2, what is 10101001 - 110011011111101?
-110011001010100
In base 7, what is 1345206 + -22?
1345154
In base 6, what is 0 + -44542143?
-44542143
In base 2, what is 100 + -10000111001101001111101?
-10000111001101001111001
In base 13, what is -108 + c754?
c649
In base 9, what is 331465 + -7?
331457
In base 4, what is 312111 + -13130?
232321
In base 13, what is -76b992bc - -2?
-76b992ba
In base 15, what is da5 + -560?
845
In base 4, what is -102 + -1123202020?
-1123202122
In base 3, what is 1121101200011 - 11210?
1121101111101
In base 4, what is 310011310 - 1020?
310010230
In base 10, what is 2501 - 897?
1604
In base 15, what is 149e93 + -29?
149e69
In base 3, what is -2211 - -101121211112?
101121201201
In base 2, what is 10110101 - 111001011101101111?
-111001011010111010
In base 11, what is -1a9 - 16541?
-1673a
In base 16, what is -2ff + 27cba?
279bb
In base 8, what is -3 - 1657100526?
-1657100531
In base 14, what is b22b89 - a?
b22b7d
In base 7, what is 6425354 + -1154?
6424200
In base 13, what is 87 - 154902?
-154848
In base 12, what is -b - 4454b?
-4455a
